
67
What is the remainder when 201 is divided by 107?
94
Calculate the remainder when 778 is divided by 250.
28
Calculate the remainder when 168 is divided by 17.
15
Calculate the remainder when 135 is divided by 46.
43
What is the remainder when 392 is divided by 223?
169
What is the remainder when 71 is divided by 14?
1
Calculate the remainder when 1605 is divided by 3.
0
Calculate the remainder when 1140 is divided by 560.
20
What is the remainder when 1195 is divided by 125?
70
What is the remainder when 249 is divided by 42?
39
What is the remainder when 75 is divided by 19?
18
Calculate the remainder when 207 is divided by 19.
17
What is the remainder when 65 is divided by 17?
14
What is the remainder when 400 is divided by 6?
4
Calculate the remainder when 209 is divided by 14.
13
What is the remainder when 1459 is divided by 16?
3
What is the remainder when 38 is divided by 12?
2
Calculate the remainder when 60 is divided by 47.
13
Calculate the remainder when 2034 is divided by 40.
34
Calculate the remainder when 8551 is divided by 26.
23
What is the remainder when 148 is divided by 44?
16
Calculate the remainder when 3496 is divided by 6.
4
Calculate the remainder when 584 is divided by 138.
32
What is the remainder when 10235 is divided by 320?
315
What is the remainder when 6959 is divided by 29?
28
What is the remainder when 19435 is divided by 341?
339
Calculate the remainder when 2049 is divided by 18.
15
What is the remainder when 1029 is divided by 205?
4
Calculate the remainder when 799 is divided by 60.
19
What is the remainder when 23 is divided by 8?
7
Calculate the remainder when 317 is divided by 65.
57
Calculate the remainder when 103 is divided by 58.
45
Calculate the remainder when 23 is divided by 8.
7
Calculate the remainder when 117 is divided by 10.
7
Calculate the remainder when 14 is divided by 11.
3
Calculate the remainder when 5178 is divided by 33.
30
Calculate the remainder when 186 is divided by 159.
27
Calculate the remainder when 254 is divided by 13.
7
What is the remainder when 136 is divided by 70?
66
Calculate the remainder when 970 is divided by 955.
15
Calculate the remainder when 463 is divided by 18.
13
What is the remainder when 246 is divided by 69?
39
What is the remainder when 740 is divided by 106?
104
What is the remainder when 1862 is divided by 259?
49
Calculate the remainder when 3165 is divided by 16.
13
What is the remainder when 171 is divided by 25?
21
Calculate the remainder when 877 is divided by 55.
52
Calculate the remainder when 268 is divided by 141.
127
What is the remainder when 336 is divided by 87?
75
Calculate the remainder when 1620 is divided by 538.
6
What is the remainder when 403 is divided by 180?
43
What is the remainder when 1430 is divided by 24?
14
What is the remainder when 4974 is divided by 4?
2
What is the remainder when 4916 is divided by 15?
11
Calculate the remainder when 797 is divided by 25.
22
Calculate the remainder when 22527 is divided by 88.
87
Calculate the remainder when 190 is divided by 21.
1
What is the remainder when 494 is divided by 78?
26
What is the remainder when 592 is divided by 117?
7
What is the remainder when 683 is divided by 654?
29
Calculate the remainder when 33 is divided by 11.
0
What is the remainder when 337 is divided by 20?
17
Calculate the remainder when 4618 is divided by 60.
58
What is the remainder when 1613 is divided by 319?
18
What is the remainder when 4872 is divided by 9?
3
Calculate the remainder when 7290 is divided by 23.
22
What is the remainder when 839 is divided by 299?
241
Calculate the remainder when 1512 is divided by 23.
17
Calculate the remainder when 616 is divided by 89.
82
What is the remainder when 86 is divided by 15?
11
What is the remainder when 124 is divided by 7?
5
What is the remainder when 113 is divided by 18?
5
Calculate the remainder when 13 is divided by 4.
1
What is the remainder when 1819 is divided by 900?
19
What is the remainder when 39 is divided by 31?
8
Calculate the remainder when 183 is divided by 33.
18
What is the remainder when 73 is divided by 42?
31
Calculate the remainder when 132 is divided by 67.
65
What is the remainder when 1088 is divided by 78?
74
What is the remainder when 495 is divided by 31?
30
What is the remainder when 183 is divided by 53?
24
What is the remainder when 4229 is divided by 184?
181
Calculate the remainder when 985 is divided by 19.
16
Calculate the remainder when 414 is divided by 122.
48
Calculate the remainder when 685 is divided by 203.
76
What is the remainder when 126 is divided by 54?
18
Calculate the remainder when 5713 is divided by 5705.
8
Calculate the remainder when 1402 is divided by 22.
16
What is the remainder when 467 is divided by 20?
7
What is the remainder when 361 is divided by 305?
56
Calculate the remainder when 165 is divided by 24.
21
What is the remainder when 941 is divided by 138?
113
Calculate the remainder when 542 is divided by 177.
11
What is the remainder when 490 is divided by 29?
26
Calculate the remainder when 83 is divided by 28.
27
Calculate the remainder when 1857 is divided by 49.
44
What is the remainder when 787 is divided by 17?
5
Calculate the remainder when 517 is divided by 137.
106
What is the remainder when 219 is divided by 19?
10
Calculate the remainder when 969 is divided by 49.
38
What is the remainder when 104 is divided by 5?
4
What is the remainder when 37441 is divided by 44?
41
Calculate the remainder when 1407 is divided by 4.
3
What is the remainder when 541 is divided by 119?
65
What is the remainder when 75 is divided by 37?
1
Calculate the remainder when 251 is divided by 36.
35
Calculate the remainder when 2169 is divided by 20.
9
What is the remainder when 140 is divided by 8?
4
Calculate the remainder when 111 is divided by 103.
8
Calculate the remainder when 195 is divided by 77.
41
What is the remainder when 6792 is divided by 158?
156
Calculate the remainder when 188 is divided by 58.
14
Calculate the remainder when 1389 is divided by 59.
32
What is the remainder when 250 is divided by 51?
46
What is the remainder when 364 is divided by 61?
59
Calculate the remainder when 438 is divided by 104.
22
What is the remainder when 494 is divided by 62?
60
Calculate the remainder when 1183 is divided by 199.
188
What is the remainder when 47 is divided by 7?
5
What is the remainder when 425 is divided by 107?
104
What is the remainder when 2987 is divided by 200?
187
What is the remainder when 475 is divided by 29?
11
What is the remainder when 2540 is divided by 33?
32
What is the remainder when 2498 is divided by 33?
23
Calculate the remainder when 83 is divided by 8.
3
What is the remainder when 90 is divided by 7?
6
What is the remainder when 2832 is divided by 21?
18
Calculate the remainder when 2873 is divided by 1434.
5
Calculate the remainder when 283 is divided by 69.
7
Calculate the remainder when 2837 is divided by 43.
42
What is the remainder when 294 is divided by 89?
27
What is the remainder when 124 is divided by 124?
0
What is the remainder when 4274 is divided by 225?
224
Calculate the remainder when 4119 is divided by 822.
9
Calculate the remainder when 512 is divided by 129.
125
Calculate the remainder when 173 is divided by 44.
41
What is the remainder when 1891 is divided by 11?
10
What is the remainder when 2241 is divided by 51?
48
Calculate the remainder when 374 is divided by 130.
114
Calculate the remainder when 232 is divided by 44.
12
What is the remainder when 3726 is divided by 46?
0
What is the remainder when 212 is divided by 27?
23
What is the remainder when 424 is divided by 71?
69
What is the remainder when 285 is divided by 7?
5
Calculate the remainder when 630 is divided by 167.
129
What is the remainder when 358 is divided by 24?
22
Calculate the remainder when 2434 is divided by 115.
19
Calculate the remainder when 267 is divided by 101.
65
Calculate the remainder when 580 is divided by 105.
55
Calculate the remainder when 361 is divided by 15.
1
What is the remainder when 309 is divided by 22?
1
What is the remainder when 692 is divided by 142?
124
What is the remainder when 1689 is divided by 338?
337
Calculate the remainder when 409 is divid